= -l*y - 2150 + y**2 - 2*y**2 + 2146. Give r(-12).
8
Let r(c) = -239 + 5*c + 15*c + 13*c - 58*c + c. Give r(-10).
1
Let w = 2 - -15. Suppose -4*z - 3 = w. Let x(p) be the third derivative of -p**6/120 - p**5/15 + p**4/8 - p**3/2 - 1722*p**2. What is x(z)?
7
Let u be (22/(-3))/(4 + (-200)/48). Let l be (-2)/5*(-9 + u). Let k(a) = a**2 + 14*a + 8. Give k(l).
8
Let k = -121 - -128. Let d(t) be the second derivative of -t**5/60 + t**4/3 + 9*t**2/2 - 3*t. Let p(j) be the first derivative of d(j). Give p(k).
7
Let s(z) be the first derivative of -2*z**4 - 6*z**3 - 3*z**2/2 + 5382. What is s(-2)?
-2
Let v be (-97)/291*1/(2/(-2934)). Suppose v*a = 484*a + 10. Let p(w) = w**3 + w**2 - 4*w + 3. Give p(a).
7
Suppose 3*g - 125*h = -121*h + 30, -3*g = -h - 30. Let d(x) = -4*x + 2*x**2 - x**3 - 11 + 2*x + 8*x**2. Give d(g).
-31
Let v(i) = i**2 + 17*i + 7. Let c be v(-8). Let n = c + 9. Let p = n + 54. Let k(w) = w**3 + 2*w**2 + w. Calculate k(p).
-2
Let j(b) be the first derivative of 8*b**3/3 - 3*b**2/2 - b - 521. Give j(-2).
37
Let m be -2 + 2*-1 + 2. Let n(j) = 6*j**2 - 11 + 10*j - 2*j**2 + 38 - 15 - 7*j**2. Let r(h) = 13*h**2 - 40*h - 48. Let t(d) = m*r(d) - 9*n(d). Determine t(11).
-1
Let u(m) = 2*m + 26. Let y(f) = -25*f - 305. Let s(z) = 35*u(z) + 3*y(z). Give s(-6).
25
Let g(f) = -f**3 + 3*f**2 + 3*f - 2. Suppose -121 = 2*a - 5. Let t = 102 - 40. Let d = t + a. Determine g(d).
-6
Let p(f) = -8 + 35*f - 43*f + 3*f**2 - 17*f**2 + 7*f**2. Determine p(-1).
-7
Let v be 74 - (1 - 2)*-5. Let b(r) = 67*r**2 - 101 - v*r**2 + 93 + 10*r. Calculate b(7).
-36
Let t(u) be the first derivative of -7/2*u**2 - 30 + 2*u. Suppose 0 = -6*k + k + 10. Determine t(k).
-12
Let g be (11/4)/((-3)/(-12)). Let m(n) = 50*n + 47. Let u(v) = 36*v + 32. Let b(p) = 5*m(p) - 7*u(p). Determine b(g).
-11
Let q(f) = -f**3 - 11*f**2 + 10*f - 11. Let l(s) = -2*s**3 + 26*s**2 - 42*s - 1. Let k be l(13). Let c = -559 - k. Determine q(c).
13
Let u(b) = 5*b - 30. Let a = 1068 - 1063. Determine u(a).
-5
Let g(l) = -360*l - 235. Let p(u) = -137*u - 88. Let q(f) = 8*g(f) - 21*p(f). Give q(18).
-86
Let y(a) be the first derivative of a**4/4 - 7*a**3/3 + 3*a**2 - 5*a + 1. Let d = -192917 - -192923. Give y(d).
-5
Let a(b) = -8*b - 9. Let q(j) = -3*j - 3. Let i(t) = -4*a(t) + 11*q(t). Let d(n) = -n + 2. Let h be d(0). Suppose h*o - 7*o + 10 = 0. What is i(o)?
1
Let v(l) be the second derivative of l**5/20 + l**4/6 + l**3 + l**2 + 2600*l - 4. Determine v(-3).
-25
Let z(w) be the first derivative of 2*w**3 + 19*w**2 + 18*w - 389. Determine z(-6).
6
Let h(i) = -2*i**3 - 20*i**2 - 25*i - 65. Let y be h(-9). Let j(x) = -2*x**2 - 4*x - 4. Calculate j(y).
-4
Let v be -25 + 24 - (1 + 0). Let r(w) = w + 2. Let i(j) = 3*j + 1. Let a(t) = v*i(t) + r(t). Give a(3).
-15
Let p = 1611 - 1610. Let j(y) = 25*y + 1. What is j(p)?
26
Let p be (-16)/6*9/(-4). Let r(i) be the first derivative of 2*i - 3/2*i**2 + 109. Determine r(p).
-16
Suppose -379 - 769 = -i + 3*l, -5*i = 5*l - 5680. Suppose -i = t - 1144. Let z(n) be the first derivative of n**3/3 - 9*n**2/2 + 3*n + 1. Calculate z(t).
-17
Let x(y) = y**3 - 31*y**2 + 231*y + 50. Let c be x(13). Let u(j) be the second derivative of 1/6*j**3 + 17/2*j**2 + 1/12*j**4 - c*j + 0. Calculate u(0).
17
Let a(y) = -5*y**3 + 3*y**2 - 2*y + 87. Let l(n) = 3*n**3 - 2*n**2 + n - 47. Let t(w) = -6*a(w) - 11*l(w). Determine t(3).
-47
Let l(h) = 3*h - 2. Suppose 106*u = 95*u. Suppose 5*b - 10 + 30 = u. Determine l(b).
-14
Suppose 126*u + 70 = -56. Let x(d) = -13*d**3 - 4*d - 3. Calculate x(u).
14
Let s(y) be the third derivative of 0*y - 1/6*y**3 + 7/12*y**4 + 0 + 4*y**2. Let l(u) = -u**3 - 22*u**2 - 23*u - 43. Let b be l(-21). Calculate s(b).
-15
Let h(s) be the third derivative of 64*s**2 + 0 + 0*s - 5/12*s**4 + 1/60*s**5 + 1/6*s**3. Give h(10).
1
Let n(j) = 4*j - 42. Let m(q) = -9*q + 44. Let c(o) = -6*m(o) - 7*n(o). Determine c(-1).
4
Let w(s) = s**2 + 10*s + 3. Let c = 810 + -808. Suppose -3*p + 0*v - 5*v - 51 = 0, -c*p - 9 = -5*v. Give w(p).
27
Let b be (-100)/(-55) + (-10)/(-55). Let m be ((-384)/(-8))/3*1/b. Let v(f) = f + 2. Calculate v(m).
10
Let r be (14/(-8))/(2/(-8)). Let y(z) = 1 + 4*z + 5*z**2 + z - r*z. Let o(d) = d**2 + 20*d - 155. Let i be o(6). What is y(i)?
4
Let c = -5385 + 5384. Let h(g) = -3*g**3 - 2*g - 1. Give h(c).
4
Let t(s) = -s - 40. Let b(a) = -2*a**2 - 6*a + 520. Let p(u) = b(u) + 12*t(u). Give p(-12).
-32
Let j be 1 + -2*29/2. Let w = -26 - j. Let l(x) = 2*x**w - 267 - x - 8*x**3 - x**3 + 267. Determine l(1).
-8
Let t(i) = 2*i**2 - 9*i - 146. Let j be t(11). Let n(g) = -g**3 - g**2. Give n(j).
18
Let f(v) be the third derivative of v**5/30 + 7*v**4/8 + 3*v**3 - 19*v**2 + v + 16. Give f(-9).
-9
Let j(y) = 2*y**3 - 3*y**3 + 0*y**3 + 2*y**2. Let g be (-60)/330 - -1*277/11. Suppose -7 = -16*s + g. Calculate j(s).
0
Let b(o) = 2*o. Let s(x) = -x**2 - 9*x + 125. Let a be s(-22). Suppose -2*q = q + i + 106, 4*i = -3*q - 109. Let l be a/q + 3/(-5). What is b(l)?
8
Let g(b) be the first derivative of -9*b**2/2 - 11*b + 820. What is g(5)?
-56
Let m = 22838 + -22840. Let w(a) = 3*a**3 - a**2 + 4*a + 5. Calculate w(m).
-31
Suppose 0 = 8*t - 4 - 28. Suppose -3*a + 4*p = -16, a - 2*p - 2 = t. Let z = a - -6. Let c(y) = 2*y - 11. Determine c(z).
9
Let f(v) = v - 2. Let n(b) = 6*b + 236. Let c be n(-29). Let h be (-22)/110 + c/10. Calculate f(h).
4
Let y(g) = g**2 - 102*g + 581. Let l be y(6). Let c(o) = 4*o**2 - 4*o + 6. Let d(p) = -p**2 - p - 1. Let v(t) = c(t) + 3*d(t). Calculate v(l).
-7
Let v(d) be the third derivative of d**6/120 - 7*d**4/24 + 2*d**3/3 + 5864*d**2. Calculate v(-3).
-2
Let b(f) = -f**3 - 17*f**2 - 31*f - 9. Let l be b(-15). Let r be 49/8 - 3/24. Let h(o) = -1 - 2*o**2 + r*o + 8*o**2 - 7*o**2. Give h(l).
-1
Let h(f) = -f + 2. Suppose 0*z + m = -5*z + 28, -4*m = 8. Let k(s) = 9*s - 11. Let r(t) = z*h(t) + k(t). Determine r(-1).
-2
Let s = 1554 + -1552. Suppose -3*q + 1 + 8 = 0. Let f(p) = -p**2 - q + 6*p + 1 + s + 5. Calculate f(5).
10
Let u(n) be the second derivative of n**5/20 - n**4/2 - 3*n**3/2 + 8*n**2 - 40*n - 25. What is u(7)?
2
Let m(f) = f - 13. Suppose 3*c - 59 - 91 = 0. Let t = c - 32. Suppose 19*i - t = 16*i. What is m(i)?
-7
Let j(z) = -5*z**2 - 39*z + 12. Let g(o) = -3*o**2 - 26*o + 7. Let c(p) = -8*g(p) + 5*j(p). Calculate c(7).
46
Let t(s) = -s**3 - 4*s**2 + 5*s + 1. Let w be t(-5). Let y(k) = 34*k - 4 + 1 + 2 - 13*k - 10*k. Give y(w).
10
Let i(p) = p**2 + 2*p - 5. Suppose 0 = -12*h + 15*h - 48. Let s = h - 12. Let v(t) = t**2 + t - 5. Let m(l) = s*v(l) - 5*i(l). Determine m(-6).
5
Let l(b) = -b**3 - 4*b**2 + 2*b - 7. Suppose 27*v - 70 = 22*v. Let k(q) = 8*q - q**2 + 10*q - 8 - v. Let s be k(17). Calculate l(s).
8
Let x(s) be the first derivative of s + 31 - 15/2*s**2. Give x(1).
-14
Let v(x) = 4*x + 27. Let h(r) = 3*r + 28. Let b(z) = -6*h(z) + 4*v(z). What is b(0)?
-60
Let r(d) be the third derivative of d**5/60 - d**4/12 + 13*d**3/6 + 1489*d**2 + 1. What is r(4)?
21
Let u(x) = -x**3 + 2*x**2 - 109*x - 24. Let t(o) = -o**3 + o**2 - 94*o - 22. Let s(r) = -7*t(r) + 6*u(r). Calculate s(-5).
-10
Let o(c) = c**3 + c**2. Let p(d) = 3*d**3 + 12*d**2 - 8*d - 3. Let q be ((-11)/((-33)/10))/((-2)/(-15)). Let z = q + -26. Let i(y) = z*p(y) + 4*o(y). Give i(6).
-21
Let r(q) = q**2 - 4*q + 6. Let d(p) = p + 1. Let k(s) = -5*d(s) + r(s). Suppose y = 2*v - 3*y - 6, 5*v + 5*y = 60. Give k(v).
1
Let b(v) = v**3 + v**2 + v + 1. Let c(u) = -10*u**3 - 5*u**2 + 12*u - 8. Let f(h) = -9*b(h) - c(h). Give f(7).
-1
Let g(l) be the third derivative of 0 + l**2 + 1/6*l**3 - 38*l + 1/6*l**4. Calculate g(-4).
-15
Let b = 51 + -48. Suppose -h - b = 0, -5*w - 4*h + 8*h - 3 = 0. Let r(x) = -3*x + 2. Calculate r(w).
11
Let c(m) = m**3 - 11*m**2 - 9*m - 25. Let b(x) = -x**3 + 4*x**2 + 143*x - 30. Let w be b(14). Calculate c(w).
11
Suppose -45*r + 1118 = -97. Let d be 4/(-14) + (-208)/7. Let h = d + r. Let s(l) = l - 3. Calculate s(h).
-6
Let i = 14899 + -14894. Let a(g) = -g**3 + 6*g**2 - 12*g + 4. What is a(i)?
-31
Let v(g) be the second derivative of -5*g**3/2 - g**2/2 - 163*g. Let c = 410 + -408. Calculate v(c).
-31
Let c(i) = -i + 13. Let z(f) = f**2 + 8*f + 28. Let g be z(-3). Give c(g).
0
Let y(u) = 1225*u**2 - 12*u + 20. Let l(t) = -2042*t**2 + 24*t - 